{"id":6,"date":"2010-10-26T20:11:14","date_gmt":"2010-10-26T20:11:14","guid":{"rendered":"https:\/\/grup-maig.cat\/?page_id=6"},"modified":"2018-01-17T01:14:15","modified_gmt":"2018-01-17T01:14:15","slug":"xamosa","status":"publish","type":"page","link":"https:\/\/grup-maig.cat\/?page_id=6","title":{"rendered":"Xamosa"},"content":{"rendered":"<p>La <strong>Xamosa<\/strong> \u00e9s la colla dels m\u00e9s petits del Grup Sardanista de Maig, amb nens entre 5 i 11 anys.<\/p>\n<p>Es va fundar l\u2019any 1991 i ha estat una escola de sardanistes des del seu origen, integrant tots els nens del barri de Sant Andreu del Palomar de Barcelona i rodalies que han volgut ballar sardanes i compartir jocs i experi\u00e8ncies.<\/p>\n<p>Pel que fa al <strong>Campionat de Catalunya<\/strong> ha sigut <strong>campiona<\/strong> de Punts lliures 2009, subcampiona de Llu\u00efment 2011 i 3a el 2010, 2012 i 2013.<\/p>\n<p>\u00c9s la colla que assegura el futur i la continu\u00eftat de l&#8217;entitat i alhora de la sardana de competici\u00f3. No dubteu que si voleu apuntar el vostre fill aquesta ser\u00e0 casa vostra.<\/p>\n<p><strong>Categoria<\/strong>: Alev\u00ed<\/p>\n<p><strong>Competici\u00f3<\/strong>: Territorial Barcelona Ciutat i Campionat de Catalunya de Llu\u00efment, Punts lliures i Revesses.<\/p>\n<p><strong>Fundaci\u00f3<\/strong>: 1991<\/p>\n<p><strong>Vestuari<\/strong>: Nois (polo vermell, espardenyes vermelles i pantal\u00f3 blanc)<\/p>\n<p>Noies (samarreta vermella, faldilla blanca, espardenyes vermelles i cintur\u00f3 vermell)<\/p>\n<p><strong>Capdanser<\/strong>: Tere Villalba<\/p>\n<p>&nbsp;<\/p>\n<div class=\"tiled-gallery type-rectangular tiled-gallery-unresized\" data-original-width=\"500\" data-carousel-extra='{&quot;blog_id&quot;:1,&quot;permalink&quot;:&quot;https:\\\/\\\/grup-maig.cat\\\/?page_id=6&quot;,&quot;likes_blog_id&quot;:17239205}' itemscope itemtype=\"http:\/\/schema.org\/ImageGallery\" > <div class=\"gallery-row\" style=\"width: 500px; height: 224px;\" data-original-width=\"500\" data-original-height=\"224\" > <div class=\"gallery-group images-1\" style=\"width: 335px; height: 224px;\" data-original-width=\"335\" data-original-height=\"224\" > <div class=\"tiled-gallery-item tiled-gallery-item-large\" itemprop=\"associatedMedia\" itemscope itemtype=\"http:\/\/schema.org\/ImageObject\"> <a href=\"https:\/\/grup-maig.cat\/?attachment_id=5424\" border=\"0\" itemprop=\"url\"> <meta itemprop=\"width\" content=\"331\"> <meta itemprop=\"height\" content=\"220\"> <img decoding=\"async\" class=\"\" data-attachment-id=\"5424\" data-orig-file=\"https:\/\/grup-maig.cat\/wp-content\/uploads\/2010\/10\/1992-Colla-Xamosa.jpg\" data-orig-size=\"1772,1175\" data-comments-opened=\"1\" data-image-meta=\"{&quot;aperture&quot;:&quot;0&quot;,&quot;credit&quot;:&quot;&quot;,&quot;camera&quot;:&quot;&quot;,&quot;caption&quot;:&quot;&quot;,&quot;created_timestamp&quot;:&quot;0&quot;,&quot;copyright&quot;:&quot;&quot;,&quot;focal_length&quot;:&quot;0&quot;,&quot;iso&quot;:&quot;0&quot;,&quot;shutter_speed&quot;:&quot;0&quot;,&quot;title&quot;:&quot;&quot;,&quot;orientation&quot;:&quot;1&quot;}\" data-image-title=\"1992 Colla Xamosa\" data-image-description=\"\" data-medium-file=\"https:\/\/grup-maig.cat\/wp-content\/uploads\/2010\/10\/1992-Colla-Xamosa-300x199.jpg\" data-large-file=\"https:\/\/grup-maig.cat\/wp-content\/uploads\/2010\/10\/1992-Colla-Xamosa-1024x679.jpg\" src=\"https:\/\/i0.wp.com\/grup-maig.cat\/wp-content\/uploads\/2010\/10\/1992-Colla-Xamosa.jpg?w=331&#038;h=220&#038;ssl=1\" srcset=\"https:\/\/grup-maig.cat\/wp-content\/uploads\/2010\/10\/1992-Colla-Xamosa.jpg 1772w, https:\/\/grup-maig.cat\/wp-content\/uploads\/2010\/10\/1992-Colla-Xamosa-300x199.jpg 300w, https:\/\/grup-maig.cat\/wp-content\/uploads\/2010\/10\/1992-Colla-Xamosa-768x509.jpg 768w, https:\/\/grup-maig.cat\/wp-content\/uploads\/2010\/10\/1992-Colla-Xamosa-1024x679.jpg 1024w, https:\/\/grup-maig.cat\/wp-content\/uploads\/2010\/10\/1992-Colla-Xamosa-150x99.jpg 150w, https:\/\/grup-maig.cat\/wp-content\/uploads\/2010\/10\/1992-Colla-Xamosa-400x265.jpg 400w\" width=\"331\" height=\"220\" loading=\"lazy\" data-original-width=\"331\" data-original-height=\"220\" itemprop=\"http:\/\/schema.org\/image\" title=\"1992 Colla Xamosa\" alt=\"1992 Colla Xamosa\" style=\"width: 331px; height: 220px;\" \/> <\/a> <\/div> <\/div> <!-- close group --> <div class=\"gallery-group images-2\" style=\"width: 165px; height: 224px;\" data-original-width=\"165\" data-original-height=\"224\" > <div class=\"tiled-gallery-item tiled-gallery-item-small\" itemprop=\"associatedMedia\" itemscope itemtype=\"http:\/\/schema.org\/ImageObject\"> <a href=\"https:\/\/grup-maig.cat\/?attachment_id=238\" border=\"0\" itemprop=\"url\"> <meta itemprop=\"width\" content=\"161\"> <meta itemprop=\"height\" content=\"108\"> <img decoding=\"async\" class=\"\" data-attachment-id=\"238\" data-orig-file=\"https:\/\/grup-maig.cat\/wp-content\/uploads\/2010\/10\/Cornell\u00e0-de-Ll.-8.jpg\" data-orig-size=\"500,336\" data-comments-opened=\"1\" data-image-meta=\"{&quot;aperture&quot;:&quot;5.6&quot;,&quot;credit&quot;:&quot;&quot;,&quot;camera&quot;:&quot;NIKON D60&quot;,&quot;caption&quot;:&quot;&quot;,&quot;created_timestamp&quot;:&quot;1286109253&quot;,&quot;copyright&quot;:&quot;&quot;,&quot;focal_length&quot;:&quot;102&quot;,&quot;iso&quot;:&quot;140&quot;,&quot;shutter_speed&quot;:&quot;0.002&quot;,&quot;title&quot;:&quot;&quot;}\" data-image-title=\"Cornell\u00e0 de Ll. 8\" data-image-description=\"\" data-medium-file=\"https:\/\/grup-maig.cat\/wp-content\/uploads\/2010\/10\/Cornell\u00e0-de-Ll.-8-300x201.jpg\" data-large-file=\"https:\/\/grup-maig.cat\/wp-content\/uploads\/2010\/10\/Cornell\u00e0-de-Ll.-8.jpg\" src=\"https:\/\/i0.wp.com\/grup-maig.cat\/wp-content\/uploads\/2010\/10\/Cornell%C3%A0-de-Ll.-8.jpg?w=161&#038;h=108&#038;ssl=1\" width=\"161\" height=\"108\" loading=\"lazy\" data-original-width=\"161\" data-original-height=\"108\" itemprop=\"http:\/\/schema.org\/image\" title=\"Cornell\u00e0 de Ll. 8\" alt=\"Cornell\u00e0 de Ll. 8\" style=\"width: 161px; height: 108px;\" \/> <\/a> <\/div> <div class=\"tiled-gallery-item tiled-gallery-item-small\" itemprop=\"associatedMedia\" itemscope itemtype=\"http:\/\/schema.org\/ImageObject\"> <a href=\"https:\/\/grup-maig.cat\/?attachment_id=2012\" border=\"0\" itemprop=\"url\"> <meta itemprop=\"width\" content=\"161\"> <meta itemprop=\"height\" content=\"108\"> <img decoding=\"async\" class=\"\" data-attachment-id=\"2012\" data-orig-file=\"https:\/\/grup-maig.cat\/wp-content\/uploads\/2011\/10\/Cornell\u00e03.jpg\" data-orig-size=\"500,336\" data-comments-opened=\"1\" data-image-meta=\"{&quot;aperture&quot;:&quot;8&quot;,&quot;credit&quot;:&quot;&quot;,&quot;camera&quot;:&quot;NIKON D60&quot;,&quot;caption&quot;:&quot;&quot;,&quot;created_timestamp&quot;:&quot;1317557008&quot;,&quot;copyright&quot;:&quot;&quot;,&quot;focal_length&quot;:&quot;30&quot;,&quot;iso&quot;:&quot;100&quot;,&quot;shutter_speed&quot;:&quot;0.004&quot;,&quot;title&quot;:&quot;&quot;}\" data-image-title=\"Cornell\u00e03\" data-image-description=\"\" data-medium-file=\"https:\/\/grup-maig.cat\/wp-content\/uploads\/2011\/10\/Cornell\u00e03-300x201.jpg\" data-large-file=\"https:\/\/grup-maig.cat\/wp-content\/uploads\/2011\/10\/Cornell\u00e03.jpg\" src=\"https:\/\/i0.wp.com\/grup-maig.cat\/wp-content\/uploads\/2011\/10\/Cornell%C3%A03.jpg?w=161&#038;h=108&#038;ssl=1\" width=\"161\" height=\"108\" loading=\"lazy\" data-original-width=\"161\" data-original-height=\"108\" itemprop=\"http:\/\/schema.org\/image\" title=\"Cornell\u00e03\" alt=\"Cornell\u00e03\" style=\"width: 161px; height: 108px;\" \/> <\/a> <\/div> <\/div> <!-- close group --> <\/div> <!-- close row --> <\/div>\n","protected":false},"excerpt":{"rendered":"<p>La Xamosa \u00e9s la colla dels m\u00e9s petits del Grup Sardanista de Maig, amb nens entre 5 i 11 anys. Es va fundar l\u2019any 1991 i ha estat una escola de sardanistes des del seu origen, integrant tots els nens del barri de Sant Andreu del Palomar de Barcelona i rodalies que han volgut ballar [&hellip;]<\/p>\n","protected":false},"author":1,"featured_media":2892,"parent":2,"menu_order":1,"comment_status":"open","ping_status":"closed","template":"","meta":{"footnotes":""},"class_list":["post-6","page","type-page","status-publish","has-post-thumbnail","hentry"],"jetpack_sharing_enabled":true,"jetpack_shortlink":"https:\/\/wp.me\/P1akHH-6","_links":{"self":[{"href":"https:\/\/grup-maig.cat\/index.php?rest_route=\/wp\/v2\/pages\/6","targetHints":{"allow":["GET"]}}],"collection":[{"href":"https:\/\/grup-maig.cat\/index.php?rest_route=\/wp\/v2\/pages"}],"about":[{"href":"https:\/\/grup-maig.cat\/index.php?rest_route=\/wp\/v2\/types\/page"}],"author":[{"embeddable":true,"href":"https:\/\/grup-maig.cat\/index.php?rest_route=\/wp\/v2\/users\/1"}],"replies":[{"embeddable":true,"href":"https:\/\/grup-maig.cat\/index.php?rest_route=%2Fwp%2Fv2%2Fcomments&post=6"}],"version-history":[{"count":32,"href":"https:\/\/grup-maig.cat\/index.php?rest_route=\/wp\/v2\/pages\/6\/revisions"}],"predecessor-version":[{"id":5425,"href":"https:\/\/grup-maig.cat\/index.php?rest_route=\/wp\/v2\/pages\/6\/revisions\/5425"}],"up":[{"embeddable":true,"href":"https:\/\/grup-maig.cat\/index.php?rest_route=\/wp\/v2\/pages\/2"}],"wp:featuredmedia":[{"embeddable":true,"href":"https:\/\/grup-maig.cat\/index.php?rest_route=\/wp\/v2\/media\/2892"}],"wp:attachment":[{"href":"https:\/\/grup-maig.cat\/index.php?rest_route=%2Fwp%2Fv2%2Fmedia&parent=6"}],"curies":[{"name":"wp","href":"https:\/\/api.w.org\/{rel}","templated":true}]}}