{"id":26,"date":"2010-10-28T08:54:19","date_gmt":"2010-10-28T08:54:19","guid":{"rendered":"https:\/\/grup-maig.cat\/?page_id=26"},"modified":"2022-05-12T07:58:34","modified_gmt":"2022-05-12T07:58:34","slug":"historia","status":"publish","type":"page","link":"https:\/\/grup-maig.cat\/?page_id=26","title":{"rendered":"Hist\u00f2ria"},"content":{"rendered":"<p>El <strong>Grup Sardanista Maig<\/strong> va n\u00e9ixer el 1965 amb el nom de Colla Sardanista Maig. \u00a0Als seus or\u00edgens els seus components eren gent del barri de Sant Andreu, a dia d&#8217;avui el Grup el formen persones d&#8217;arreu de Catalunya.<\/p>\n<p>La primera seu social va ser la Cooperativa Andreuenca, al carrer Rub\u00e9n Dar\u00edo. El 1970 es van traslladar a Gr\u00e0cia, a la Cooperativa La Lleialtat, actualment seu del Teatre Lliure. El 1975, amb la fundaci\u00f3 del Teatre, la colla va tornar a Sant Andreu.<\/p>\n<p>La<strong> SCiE La Lira, <\/strong>al carrer Coroleu 15,\u00a0els va acollir, i encara hi s\u00f3n. Hi van fundar la Secci\u00f3 Sardanista de la Societat. Poc despr\u00e9s gr\u00e0cies a uns cursets de sardanes per a nens van poder formar una nova colla amb els m\u00e9s joves.<\/p>\n<div class=\"tiled-gallery type-rectangular tiled-gallery-unresized\" data-original-width=\"500\" data-carousel-extra='{&quot;blog_id&quot;:1,&quot;permalink&quot;:&quot;https:\\\/\\\/grup-maig.cat\\\/?page_id=26&quot;,&quot;likes_blog_id&quot;:17239205}' itemscope itemtype=\"http:\/\/schema.org\/ImageGallery\" > <div class=\"gallery-row\" style=\"width: 500px; height: 239px;\" data-original-width=\"500\" data-original-height=\"239\" > <div class=\"gallery-group images-1\" style=\"width: 334px; height: 239px;\" data-original-width=\"334\" data-original-height=\"239\" > <div class=\"tiled-gallery-item tiled-gallery-item-large\" itemprop=\"associatedMedia\" itemscope itemtype=\"http:\/\/schema.org\/ImageObject\"> <a href=\"https:\/\/grup-maig.cat\/?attachment_id=4453\" border=\"0\" itemprop=\"url\"> <meta itemprop=\"width\" content=\"330\"> <meta itemprop=\"height\" content=\"235\"> <img decoding=\"async\" class=\"\" data-attachment-id=\"4453\" data-orig-file=\"https:\/\/grup-maig.cat\/wp-content\/uploads\/2010\/10\/1965-Colla-Maig-Molins-de-Rei1.jpg\" data-orig-size=\"2796,1988\" data-comments-opened=\"1\" data-image-meta=\"{&quot;aperture&quot;:&quot;0&quot;,&quot;credit&quot;:&quot;&quot;,&quot;camera&quot;:&quot;&quot;,&quot;caption&quot;:&quot;&quot;,&quot;created_timestamp&quot;:&quot;0&quot;,&quot;copyright&quot;:&quot;&quot;,&quot;focal_length&quot;:&quot;0&quot;,&quot;iso&quot;:&quot;0&quot;,&quot;shutter_speed&quot;:&quot;0&quot;,&quot;title&quot;:&quot;&quot;,&quot;orientation&quot;:&quot;1&quot;}\" data-image-title=\"1965 Colla Maig (Molins de Rei)\" data-image-description=\"\" data-medium-file=\"https:\/\/grup-maig.cat\/wp-content\/uploads\/2010\/10\/1965-Colla-Maig-Molins-de-Rei1-300x213.jpg\" data-large-file=\"https:\/\/grup-maig.cat\/wp-content\/uploads\/2010\/10\/1965-Colla-Maig-Molins-de-Rei1-1024x728.jpg\" src=\"https:\/\/i0.wp.com\/grup-maig.cat\/wp-content\/uploads\/2010\/10\/1965-Colla-Maig-Molins-de-Rei1.jpg?w=330&#038;h=235&#038;ssl=1\" srcset=\"https:\/\/grup-maig.cat\/wp-content\/uploads\/2010\/10\/1965-Colla-Maig-Molins-de-Rei1.jpg 2796w, https:\/\/grup-maig.cat\/wp-content\/uploads\/2010\/10\/1965-Colla-Maig-Molins-de-Rei1-300x213.jpg 300w, https:\/\/grup-maig.cat\/wp-content\/uploads\/2010\/10\/1965-Colla-Maig-Molins-de-Rei1-1024x728.jpg 1024w, https:\/\/grup-maig.cat\/wp-content\/uploads\/2010\/10\/1965-Colla-Maig-Molins-de-Rei1-150x106.jpg 150w, https:\/\/grup-maig.cat\/wp-content\/uploads\/2010\/10\/1965-Colla-Maig-Molins-de-Rei1-400x284.jpg 400w\" width=\"330\" height=\"235\" loading=\"lazy\" data-original-width=\"330\" data-original-height=\"235\" itemprop=\"http:\/\/schema.org\/image\" title=\"1965 Colla Maig (Molins de Rei)\" alt=\"1965 Colla Maig (Molins de Rei)\" style=\"width: 330px; height: 235px;\" \/> <\/a> <\/div> <\/div> <!-- close group --> <div class=\"gallery-group images-2\" style=\"width: 166px; height: 239px;\" data-original-width=\"166\" data-original-height=\"239\" > <div class=\"tiled-gallery-item tiled-gallery-item-small\" itemprop=\"associatedMedia\" itemscope itemtype=\"http:\/\/schema.org\/ImageObject\"> <a href=\"https:\/\/grup-maig.cat\/?attachment_id=5416\" border=\"0\" itemprop=\"url\"> <meta itemprop=\"width\" content=\"162\"> <meta itemprop=\"height\" content=\"120\"> <img decoding=\"async\" class=\"\" data-attachment-id=\"5416\" data-orig-file=\"https:\/\/grup-maig.cat\/wp-content\/uploads\/2010\/10\/1965-Colla-Maig.jpg\" data-orig-size=\"2796,2062\" data-comments-opened=\"1\" data-image-meta=\"{&quot;aperture&quot;:&quot;0&quot;,&quot;credit&quot;:&quot;&quot;,&quot;camera&quot;:&quot;&quot;,&quot;caption&quot;:&quot;&quot;,&quot;created_timestamp&quot;:&quot;0&quot;,&quot;copyright&quot;:&quot;&quot;,&quot;focal_length&quot;:&quot;0&quot;,&quot;iso&quot;:&quot;0&quot;,&quot;shutter_speed&quot;:&quot;0&quot;,&quot;title&quot;:&quot;&quot;,&quot;orientation&quot;:&quot;1&quot;}\" data-image-title=\"1965 Colla Maig\" data-image-description=\"\" data-medium-file=\"https:\/\/grup-maig.cat\/wp-content\/uploads\/2010\/10\/1965-Colla-Maig-300x221.jpg\" data-large-file=\"https:\/\/grup-maig.cat\/wp-content\/uploads\/2010\/10\/1965-Colla-Maig-1024x755.jpg\" src=\"https:\/\/i0.wp.com\/grup-maig.cat\/wp-content\/uploads\/2010\/10\/1965-Colla-Maig.jpg?w=162&#038;h=120&#038;ssl=1\" srcset=\"https:\/\/grup-maig.cat\/wp-content\/uploads\/2010\/10\/1965-Colla-Maig.jpg 2796w, https:\/\/grup-maig.cat\/wp-content\/uploads\/2010\/10\/1965-Colla-Maig-300x221.jpg 300w, https:\/\/grup-maig.cat\/wp-content\/uploads\/2010\/10\/1965-Colla-Maig-768x566.jpg 768w, https:\/\/grup-maig.cat\/wp-content\/uploads\/2010\/10\/1965-Colla-Maig-1024x755.jpg 1024w, https:\/\/grup-maig.cat\/wp-content\/uploads\/2010\/10\/1965-Colla-Maig-150x111.jpg 150w, https:\/\/grup-maig.cat\/wp-content\/uploads\/2010\/10\/1965-Colla-Maig-400x295.jpg 400w\" width=\"162\" height=\"120\" loading=\"lazy\" data-original-width=\"162\" data-original-height=\"120\" itemprop=\"http:\/\/schema.org\/image\" title=\"1965 Colla Maig\" alt=\"1965 Colla Maig\" style=\"width: 162px; height: 120px;\" \/> <\/a> <\/div> <div class=\"tiled-gallery-item tiled-gallery-item-small\" itemprop=\"associatedMedia\" itemscope itemtype=\"http:\/\/schema.org\/ImageObject\"> <a href=\"https:\/\/grup-maig.cat\/?attachment_id=4454\" border=\"0\" itemprop=\"url\"> <meta itemprop=\"width\" content=\"162\"> <meta itemprop=\"height\" content=\"111\"> <img decoding=\"async\" class=\"\" data-attachment-id=\"4454\" data-orig-file=\"https:\/\/grup-maig.cat\/wp-content\/uploads\/2010\/10\/1975-Colla-Maig-Tossa.jpg\" data-orig-size=\"1386,950\" data-comments-opened=\"1\" data-image-meta=\"{&quot;aperture&quot;:&quot;0&quot;,&quot;credit&quot;:&quot;&quot;,&quot;camera&quot;:&quot;&quot;,&quot;caption&quot;:&quot;&quot;,&quot;created_timestamp&quot;:&quot;0&quot;,&quot;copyright&quot;:&quot;&quot;,&quot;focal_length&quot;:&quot;0&quot;,&quot;iso&quot;:&quot;0&quot;,&quot;shutter_speed&quot;:&quot;0&quot;,&quot;title&quot;:&quot;&quot;,&quot;orientation&quot;:&quot;1&quot;}\" data-image-title=\"1975 Colla Maig (Tossa)\" data-image-description=\"\" data-medium-file=\"https:\/\/grup-maig.cat\/wp-content\/uploads\/2010\/10\/1975-Colla-Maig-Tossa-300x205.jpg\" data-large-file=\"https:\/\/grup-maig.cat\/wp-content\/uploads\/2010\/10\/1975-Colla-Maig-Tossa-1024x701.jpg\" src=\"https:\/\/i0.wp.com\/grup-maig.cat\/wp-content\/uploads\/2010\/10\/1975-Colla-Maig-Tossa.jpg?w=162&#038;h=111&#038;ssl=1\" srcset=\"https:\/\/grup-maig.cat\/wp-content\/uploads\/2010\/10\/1975-Colla-Maig-Tossa.jpg 1386w, https:\/\/grup-maig.cat\/wp-content\/uploads\/2010\/10\/1975-Colla-Maig-Tossa-300x205.jpg 300w, https:\/\/grup-maig.cat\/wp-content\/uploads\/2010\/10\/1975-Colla-Maig-Tossa-1024x701.jpg 1024w, https:\/\/grup-maig.cat\/wp-content\/uploads\/2010\/10\/1975-Colla-Maig-Tossa-150x102.jpg 150w, https:\/\/grup-maig.cat\/wp-content\/uploads\/2010\/10\/1975-Colla-Maig-Tossa-400x274.jpg 400w\" width=\"162\" height=\"111\" loading=\"lazy\" data-original-width=\"162\" data-original-height=\"111\" itemprop=\"http:\/\/schema.org\/image\" title=\"1975 Colla Maig (Tossa)\" alt=\"1975 Colla Maig (Tossa)\" style=\"width: 162px; height: 111px;\" \/> <\/a> <\/div> <\/div> <!-- close group --> <\/div> <!-- close row --> <\/div>\n<p>&nbsp;<\/p>\n<p>Amb el pas dels anys el <strong>Grup Sardanista Maig <\/strong>ha anat creant noves colles per a dansaires de diverses edats, per\u00f2 sempre buscant convertir-se en un punt on trobar-se, ballar i passar-s\u2019ho b\u00e9 amb un bon ambient de companyonia i diversi\u00f3.<\/p>\n<p>L\u2019estil de ballar la sardana de les colles del <strong>Grup Sardanista Maig<\/strong>, natural i prec\u00eds, li ha suposat un constant reconeixement i l\u2019ha portat a participar en diversos festivals de cultura i tradicions populars i en algunes emissions televisions nacionals i internacionals.<\/p>\n<p>A m\u00e9s a m\u00e9s, l\u2019any 2005, es va enregistrar un disc amb la cobla Marinada per commemorar els 40 anys de la colla amb totes les sardanes dedicades a la Maig i les altres colles i persones que formen part del grup.<\/p>\n<p>L&#8217;any 2015 en motiu dels seus <strong>50 anys<\/strong> van organitzar diferents actes per celebra-ho: la Pujada a peu a Montserrat, una audici\u00f3 de sardanes i un espectacle amb diferents entitats de cultura popular de Sant Andreu (Barcelona) juntament amb els colles del Grup Maig.<\/p>\n<p>Actualment el Grup est\u00e0 format per cinc colles: la <strong>Xamosa <\/strong>en categoria alev\u00ed, la <strong>Xiroia<\/strong> en categoria infantil, la <strong>X\u00e0ldiga<\/strong> en categoria juvenil, la <strong>Maig<\/strong> en categoria gran i <strong>Dansaires de Maig<\/strong> en categoria veterana.<\/p>\n<div class=\"tiled-gallery type-rectangular tiled-gallery-unresized\" data-original-width=\"500\" data-carousel-extra='{&quot;blog_id&quot;:1,&quot;permalink&quot;:&quot;https:\\\/\\\/grup-maig.cat\\\/?page_id=26&quot;,&quot;likes_blog_id&quot;:17239205}' itemscope itemtype=\"http:\/\/schema.org\/ImageGallery\" > <div class=\"gallery-row\" style=\"width: 500px; height: 225px;\" data-original-width=\"500\" data-original-height=\"225\" > <div class=\"gallery-group images-1\" style=\"width: 333px; height: 225px;\" data-original-width=\"333\" data-original-height=\"225\" > <div class=\"tiled-gallery-item tiled-gallery-item-large\" itemprop=\"associatedMedia\" itemscope itemtype=\"http:\/\/schema.org\/ImageObject\"> <a href=\"https:\/\/grup-maig.cat\/?attachment_id=931\" border=\"0\" itemprop=\"url\"> <meta itemprop=\"width\" content=\"329\"> <meta itemprop=\"height\" content=\"221\"> <img decoding=\"async\" class=\"\" data-attachment-id=\"931\" data-orig-file=\"https:\/\/grup-maig.cat\/wp-content\/uploads\/2011\/03\/Granollers-2011-11.jpg\" data-orig-size=\"500,336\" data-comments-opened=\"1\" data-image-meta=\"{&quot;aperture&quot;:&quot;7.1&quot;,&quot;credit&quot;:&quot;&quot;,&quot;camera&quot;:&quot;NIKON D60&quot;,&quot;caption&quot;:&quot;&quot;,&quot;created_timestamp&quot;:&quot;1301234466&quot;,&quot;copyright&quot;:&quot;&quot;,&quot;focal_length&quot;:&quot;28&quot;,&quot;iso&quot;:&quot;100&quot;,&quot;shutter_speed&quot;:&quot;0.005&quot;,&quot;title&quot;:&quot;&quot;}\" data-image-title=\"Granollers 2011 11\" data-image-description=\"\" data-medium-file=\"https:\/\/grup-maig.cat\/wp-content\/uploads\/2011\/03\/Granollers-2011-11-300x201.jpg\" data-large-file=\"https:\/\/grup-maig.cat\/wp-content\/uploads\/2011\/03\/Granollers-2011-11.jpg\" src=\"https:\/\/i0.wp.com\/grup-maig.cat\/wp-content\/uploads\/2011\/03\/Granollers-2011-11.jpg?w=329&#038;h=221&#038;ssl=1\" srcset=\"https:\/\/grup-maig.cat\/wp-content\/uploads\/2011\/03\/Granollers-2011-11.jpg 500w, https:\/\/grup-maig.cat\/wp-content\/uploads\/2011\/03\/Granollers-2011-11-300x201.jpg 300w, https:\/\/grup-maig.cat\/wp-content\/uploads\/2011\/03\/Granollers-2011-11-150x100.jpg 150w, https:\/\/grup-maig.cat\/wp-content\/uploads\/2011\/03\/Granollers-2011-11-400x268.jpg 400w\" width=\"329\" height=\"221\" loading=\"lazy\" data-original-width=\"329\" data-original-height=\"221\" itemprop=\"http:\/\/schema.org\/image\" title=\"Granollers 2011 11\" alt=\"Granollers 2011 11\" style=\"width: 329px; height: 221px;\" \/> <\/a> <\/div> <\/div> <!-- close group --> <div class=\"gallery-group images-2\" style=\"width: 167px; height: 225px;\" data-original-width=\"167\" data-original-height=\"225\" > <div class=\"tiled-gallery-item tiled-gallery-item-small\" itemprop=\"associatedMedia\" itemscope itemtype=\"http:\/\/schema.org\/ImageObject\"> <a href=\"https:\/\/grup-maig.cat\/?attachment_id=4184\" border=\"0\" itemprop=\"url\"> <meta itemprop=\"width\" content=\"163\"> <meta itemprop=\"height\" content=\"109\"> <img decoding=\"async\" class=\"\" data-attachment-id=\"4184\" data-orig-file=\"https:\/\/grup-maig.cat\/wp-content\/uploads\/2015\/10\/12132515_735744066558639_6316530488429944749_o.jpg\" data-orig-size=\"1086,729\" data-comments-opened=\"1\" data-image-meta=\"{&quot;aperture&quot;:&quot;0&quot;,&quot;credit&quot;:&quot;&quot;,&quot;camera&quot;:&quot;&quot;,&quot;caption&quot;:&quot;&quot;,&quot;created_timestamp&quot;:&quot;0&quot;,&quot;copyright&quot;:&quot;&quot;,&quot;focal_length&quot;:&quot;0&quot;,&quot;iso&quot;:&quot;0&quot;,&quot;shutter_speed&quot;:&quot;0&quot;,&quot;title&quot;:&quot;&quot;,&quot;orientation&quot;:&quot;0&quot;}\" data-image-title=\"12132515_735744066558639_6316530488429944749_o\" data-image-description=\"\" data-medium-file=\"https:\/\/grup-maig.cat\/wp-content\/uploads\/2015\/10\/12132515_735744066558639_6316530488429944749_o-300x201.jpg\" data-large-file=\"https:\/\/grup-maig.cat\/wp-content\/uploads\/2015\/10\/12132515_735744066558639_6316530488429944749_o-1024x687.jpg\" src=\"https:\/\/i0.wp.com\/grup-maig.cat\/wp-content\/uploads\/2015\/10\/12132515_735744066558639_6316530488429944749_o.jpg?w=163&#038;h=109&#038;ssl=1\" srcset=\"https:\/\/grup-maig.cat\/wp-content\/uploads\/2015\/10\/12132515_735744066558639_6316530488429944749_o.jpg 1086w, https:\/\/grup-maig.cat\/wp-content\/uploads\/2015\/10\/12132515_735744066558639_6316530488429944749_o-300x201.jpg 300w, https:\/\/grup-maig.cat\/wp-content\/uploads\/2015\/10\/12132515_735744066558639_6316530488429944749_o-1024x687.jpg 1024w, https:\/\/grup-maig.cat\/wp-content\/uploads\/2015\/10\/12132515_735744066558639_6316530488429944749_o-150x100.jpg 150w, https:\/\/grup-maig.cat\/wp-content\/uploads\/2015\/10\/12132515_735744066558639_6316530488429944749_o-400x268.jpg 400w\" width=\"163\" height=\"109\" loading=\"lazy\" data-original-width=\"163\" data-original-height=\"109\" itemprop=\"http:\/\/schema.org\/image\" title=\"12132515_735744066558639_6316530488429944749_o\" alt=\"12132515_735744066558639_6316530488429944749_o\" style=\"width: 163px; height: 109px;\" \/> <\/a> <\/div> <div class=\"tiled-gallery-item tiled-gallery-item-small\" itemprop=\"associatedMedia\" itemscope itemtype=\"http:\/\/schema.org\/ImageObject\"> <a href=\"https:\/\/grup-maig.cat\/?attachment_id=3907\" border=\"0\" itemprop=\"url\"> <meta itemprop=\"width\" content=\"163\"> <meta itemprop=\"height\" content=\"108\"> <img decoding=\"async\" class=\"\" data-attachment-id=\"3907\" data-orig-file=\"https:\/\/grup-maig.cat\/wp-content\/uploads\/2015\/05\/11144932_664528943680152_7594128744520707276_n.jpg\" data-orig-size=\"960,640\" data-comments-opened=\"1\" data-image-meta=\"{&quot;aperture&quot;:&quot;0&quot;,&quot;credit&quot;:&quot;&quot;,&quot;camera&quot;:&quot;&quot;,&quot;caption&quot;:&quot;&quot;,&quot;created_timestamp&quot;:&quot;0&quot;,&quot;copyright&quot;:&quot;&quot;,&quot;focal_length&quot;:&quot;0&quot;,&quot;iso&quot;:&quot;0&quot;,&quot;shutter_speed&quot;:&quot;0&quot;,&quot;title&quot;:&quot;&quot;,&quot;orientation&quot;:&quot;0&quot;}\" data-image-title=\"11144932_664528943680152_7594128744520707276_n\" data-image-description=\"\" data-medium-file=\"https:\/\/grup-maig.cat\/wp-content\/uploads\/2015\/05\/11144932_664528943680152_7594128744520707276_n-300x200.jpg\" data-large-file=\"https:\/\/grup-maig.cat\/wp-content\/uploads\/2015\/05\/11144932_664528943680152_7594128744520707276_n.jpg\" src=\"https:\/\/i0.wp.com\/grup-maig.cat\/wp-content\/uploads\/2015\/05\/11144932_664528943680152_7594128744520707276_n.jpg?w=163&#038;h=108&#038;ssl=1\" srcset=\"https:\/\/grup-maig.cat\/wp-content\/uploads\/2015\/05\/11144932_664528943680152_7594128744520707276_n.jpg 960w, https:\/\/grup-maig.cat\/wp-content\/uploads\/2015\/05\/11144932_664528943680152_7594128744520707276_n-300x200.jpg 300w, https:\/\/grup-maig.cat\/wp-content\/uploads\/2015\/05\/11144932_664528943680152_7594128744520707276_n-150x100.jpg 150w, https:\/\/grup-maig.cat\/wp-content\/uploads\/2015\/05\/11144932_664528943680152_7594128744520707276_n-400x266.jpg 400w\" width=\"163\" height=\"108\" loading=\"lazy\" data-original-width=\"163\" data-original-height=\"108\" itemprop=\"http:\/\/schema.org\/image\" title=\"11144932_664528943680152_7594128744520707276_n\" alt=\"11144932_664528943680152_7594128744520707276_n\" style=\"width: 163px; height: 108px;\" \/> <\/a> <\/div> <\/div> <!-- close group --> <\/div> <!-- close row --> <div class=\"gallery-row\" style=\"width: 500px; height: 242px;\" data-original-width=\"500\" data-original-height=\"242\" > <div class=\"gallery-group images-2\" style=\"width: 178px; height: 242px;\" data-original-width=\"178\" data-original-height=\"242\" > <div class=\"tiled-gallery-item tiled-gallery-item-small\" itemprop=\"associatedMedia\" itemscope itemtype=\"http:\/\/schema.org\/ImageObject\"> <a href=\"https:\/\/grup-maig.cat\/?attachment_id=5004\" border=\"0\" itemprop=\"url\"> <meta itemprop=\"width\" content=\"174\"> <meta itemprop=\"height\" content=\"117\"> <img decoding=\"async\" class=\"\" data-attachment-id=\"5004\" data-orig-file=\"https:\/\/grup-maig.cat\/wp-content\/uploads\/2017\/06\/MATAR\u00d3-2017-4.jpg\" data-orig-size=\"2048,1374\" data-comments-opened=\"1\" data-image-meta=\"{&quot;aperture&quot;:&quot;0&quot;,&quot;credit&quot;:&quot;&quot;,&quot;camera&quot;:&quot;&quot;,&quot;caption&quot;:&quot;&quot;,&quot;created_timestamp&quot;:&quot;0&quot;,&quot;copyright&quot;:&quot;&quot;,&quot;focal_length&quot;:&quot;0&quot;,&quot;iso&quot;:&quot;0&quot;,&quot;shutter_speed&quot;:&quot;0&quot;,&quot;title&quot;:&quot;&quot;,&quot;orientation&quot;:&quot;0&quot;}\" data-image-title=\"MATAR\u00d3 2017-4\" data-image-description=\"\" data-medium-file=\"https:\/\/grup-maig.cat\/wp-content\/uploads\/2017\/06\/MATAR\u00d3-2017-4-300x201.jpg\" data-large-file=\"https:\/\/grup-maig.cat\/wp-content\/uploads\/2017\/06\/MATAR\u00d3-2017-4-1024x687.jpg\" src=\"https:\/\/i0.wp.com\/grup-maig.cat\/wp-content\/uploads\/2017\/06\/MATAR%C3%93-2017-4.jpg?w=174&#038;h=117&#038;ssl=1\" width=\"174\" height=\"117\" loading=\"lazy\" data-original-width=\"174\" data-original-height=\"117\" itemprop=\"http:\/\/schema.org\/image\" title=\"MATAR\u00d3 2017-4\" alt=\"MATAR\u00d3 2017-4\" style=\"width: 174px; height: 117px;\" \/> <\/a> <\/div> <div class=\"tiled-gallery-item tiled-gallery-item-small\" itemprop=\"associatedMedia\" itemscope itemtype=\"http:\/\/schema.org\/ImageObject\"> <a href=\"https:\/\/grup-maig.cat\/?attachment_id=5146\" border=\"0\" itemprop=\"url\"> <meta itemprop=\"width\" content=\"174\"> <meta itemprop=\"height\" content=\"117\"> <img decoding=\"async\" class=\"\" data-attachment-id=\"5146\" data-orig-file=\"https:\/\/grup-maig.cat\/wp-content\/uploads\/2017\/09\/CERET-15.jpg\" data-orig-size=\"2048,1374\" data-comments-opened=\"1\" data-image-meta=\"{&quot;aperture&quot;:&quot;0&quot;,&quot;credit&quot;:&quot;&quot;,&quot;camera&quot;:&quot;&quot;,&quot;caption&quot;:&quot;&quot;,&quot;created_timestamp&quot;:&quot;0&quot;,&quot;copyright&quot;:&quot;&quot;,&quot;focal_length&quot;:&quot;0&quot;,&quot;iso&quot;:&quot;0&quot;,&quot;shutter_speed&quot;:&quot;0&quot;,&quot;title&quot;:&quot;&quot;,&quot;orientation&quot;:&quot;0&quot;}\" data-image-title=\"CERET 15\" data-image-description=\"\" data-medium-file=\"https:\/\/grup-maig.cat\/wp-content\/uploads\/2017\/09\/CERET-15-300x201.jpg\" data-large-file=\"https:\/\/grup-maig.cat\/wp-content\/uploads\/2017\/09\/CERET-15-1024x687.jpg\" src=\"https:\/\/i0.wp.com\/grup-maig.cat\/wp-content\/uploads\/2017\/09\/CERET-15.jpg?w=174&#038;h=117&#038;ssl=1\" srcset=\"https:\/\/grup-maig.cat\/wp-content\/uploads\/2017\/09\/CERET-15.jpg 2048w, https:\/\/grup-maig.cat\/wp-content\/uploads\/2017\/09\/CERET-15-300x201.jpg 300w, https:\/\/grup-maig.cat\/wp-content\/uploads\/2017\/09\/CERET-15-768x515.jpg 768w, https:\/\/grup-maig.cat\/wp-content\/uploads\/2017\/09\/CERET-15-1024x687.jpg 1024w, https:\/\/grup-maig.cat\/wp-content\/uploads\/2017\/09\/CERET-15-150x101.jpg 150w, https:\/\/grup-maig.cat\/wp-content\/uploads\/2017\/09\/CERET-15-400x268.jpg 400w\" width=\"174\" height=\"117\" loading=\"lazy\" data-original-width=\"174\" data-original-height=\"117\" itemprop=\"http:\/\/schema.org\/image\" title=\"CERET 15\" alt=\"CERET 15\" style=\"width: 174px; height: 117px;\" \/> <\/a> <\/div> <\/div> <!-- close group --> <div class=\"gallery-group images-1\" style=\"width: 322px; height: 242px;\" data-original-width=\"322\" data-original-height=\"242\" > <div class=\"tiled-gallery-item tiled-gallery-item-large\" itemprop=\"associatedMedia\" itemscope itemtype=\"http:\/\/schema.org\/ImageObject\"> <a href=\"https:\/\/grup-maig.cat\/?attachment_id=4562\" border=\"0\" itemprop=\"url\"> <meta itemprop=\"width\" content=\"318\"> <meta itemprop=\"height\" content=\"238\"> <img decoding=\"async\" class=\"\" data-attachment-id=\"4562\" data-orig-file=\"https:\/\/grup-maig.cat\/wp-content\/uploads\/2016\/09\/13737705_871970489602662_3637305864971140266_o.jpg\" data-orig-size=\"1000,750\" data-comments-opened=\"1\" data-image-meta=\"{&quot;aperture&quot;:&quot;0&quot;,&quot;credit&quot;:&quot;&quot;,&quot;camera&quot;:&quot;&quot;,&quot;caption&quot;:&quot;&quot;,&quot;created_timestamp&quot;:&quot;0&quot;,&quot;copyright&quot;:&quot;&quot;,&quot;focal_length&quot;:&quot;0&quot;,&quot;iso&quot;:&quot;0&quot;,&quot;shutter_speed&quot;:&quot;0&quot;,&quot;title&quot;:&quot;&quot;,&quot;orientation&quot;:&quot;0&quot;}\" data-image-title=\"13737705_871970489602662_3637305864971140266_o\" data-image-description=\"\" data-medium-file=\"https:\/\/grup-maig.cat\/wp-content\/uploads\/2016\/09\/13737705_871970489602662_3637305864971140266_o-300x225.jpg\" data-large-file=\"https:\/\/grup-maig.cat\/wp-content\/uploads\/2016\/09\/13737705_871970489602662_3637305864971140266_o.jpg\" src=\"https:\/\/i0.wp.com\/grup-maig.cat\/wp-content\/uploads\/2016\/09\/13737705_871970489602662_3637305864971140266_o.jpg?w=318&#038;h=238&#038;ssl=1\" srcset=\"https:\/\/grup-maig.cat\/wp-content\/uploads\/2016\/09\/13737705_871970489602662_3637305864971140266_o.jpg 1000w, https:\/\/grup-maig.cat\/wp-content\/uploads\/2016\/09\/13737705_871970489602662_3637305864971140266_o-300x225.jpg 300w, https:\/\/grup-maig.cat\/wp-content\/uploads\/2016\/09\/13737705_871970489602662_3637305864971140266_o-150x112.jpg 150w, https:\/\/grup-maig.cat\/wp-content\/uploads\/2016\/09\/13737705_871970489602662_3637305864971140266_o-400x300.jpg 400w\" width=\"318\" height=\"238\" loading=\"lazy\" data-original-width=\"318\" data-original-height=\"238\" itemprop=\"http:\/\/schema.org\/image\" title=\"13737705_871970489602662_3637305864971140266_o\" alt=\"13737705_871970489602662_3637305864971140266_o\" style=\"width: 318px; height: 238px;\" \/> <\/a> <\/div> <\/div> <!-- close group --> <\/div> <!-- close row --> <\/div>\n<p>&nbsp;<\/p>\n","protected":false},"excerpt":{"rendered":"<p>El Grup Sardanista Maig va n\u00e9ixer el 1965 amb el nom de Colla Sardanista Maig. \u00a0Als seus or\u00edgens els seus components eren gent del barri de Sant Andreu, a dia d&#8217;avui el Grup el formen persones d&#8217;arreu de Catalunya. La primera seu social va ser la Cooperativa Andreuenca, al carrer Rub\u00e9n Dar\u00edo. El 1970 es [&hellip;]<\/p>\n","protected":false},"author":1,"featured_media":3411,"parent":0,"menu_order":0,"comment_status":"open","ping_status":"open","template":"","meta":{"footnotes":""},"class_list":["post-26","page","type-page","status-publish","has-post-thumbnail","hentry"],"jetpack_sharing_enabled":true,"jetpack_shortlink":"https:\/\/wp.me\/P1akHH-q","_links":{"self":[{"href":"https:\/\/grup-maig.cat\/index.php?rest_route=\/wp\/v2\/pages\/26","targetHints":{"allow":["GET"]}}],"collection":[{"href":"https:\/\/grup-maig.cat\/index.php?rest_route=\/wp\/v2\/pages"}],"about":[{"href":"https:\/\/grup-maig.cat\/index.php?rest_route=\/wp\/v2\/types\/page"}],"author":[{"embeddable":true,"href":"https:\/\/grup-maig.cat\/index.php?rest_route=\/wp\/v2\/users\/1"}],"replies":[{"embeddable":true,"href":"https:\/\/grup-maig.cat\/index.php?rest_route=%2Fwp%2Fv2%2Fcomments&post=26"}],"version-history":[{"count":24,"href":"https:\/\/grup-maig.cat\/index.php?rest_route=\/wp\/v2\/pages\/26\/revisions"}],"predecessor-version":[{"id":7027,"href":"https:\/\/grup-maig.cat\/index.php?rest_route=\/wp\/v2\/pages\/26\/revisions\/7027"}],"wp:featuredmedia":[{"embeddable":true,"href":"https:\/\/grup-maig.cat\/index.php?rest_route=\/wp\/v2\/media\/3411"}],"wp:attachment":[{"href":"https:\/\/grup-maig.cat\/index.php?rest_route=%2Fwp%2Fv2%2Fmedia&parent=26"}],"curies":[{"name":"wp","href":"https:\/\/api.w.org\/{rel}","templated":true}]}}